est common factor of 331 and 41?
1
What is the highest common factor of 11475 and 238?
17
What is the greatest common factor of 742148 and 5555?
1111
Calculate the greatest common factor of 130 and 388505.
65
What is the greatest common divisor of 25 and 78600?
25
Calculate the highest common divisor of 2283700 and 328.
164
Calculate the greatest common divisor of 200 and 55780.
20
Calculate the greatest common factor of 46 and 496754.
46
What is the highest common divisor of 7667 and 47872?
187
What is the highest common divisor of 100 and 14020?
20
Calculate the greatest common factor of 532170 and 10512.
1314
Calculate the greatest common factor of 6956 and 57716.
188
Calculate the greatest common factor of 656 and 1066.
82
Calculate the highest common divisor of 4389 and 3719364.
627
Calculate the highest common divisor of 5933 and 544.
17
Calculate the greatest common divisor of 5037 and 3942.
219
What is the greatest common divisor of 144085 and 85?
5
What is the highest common factor of 2635 and 1615?
85
What is the greatest common divisor of 302 and 113401?
151
Calculate the greatest common factor of 34646 and 51.
17
What is the highest common factor of 203497 and 91?
7
What is the greatest common divisor of 146765 and 26595?
985
What is the greatest common divisor of 235843 and 9955?
181
Calculate the highest common divisor of 3102 and 6306.
6
What is the highest common factor of 527 and 2057?
17
What is the highest common factor of 14625 and 351?
117
What is the highest common divisor of 25920 and 85?
5
Calculate the greatest common factor of 25 and 211100.
25
What is the greatest common factor of 1330 and 159866?
266
Calculate the greatest common factor of 116869 and 1007.
19
What is the highest common factor of 157905 and 19800?
495
Calculate the highest common divisor of 795511 and 745.
149
Calculate the highest common factor of 423512 and 8.
8
Calculate the highest common divisor of 1425 and 926725.
475
What is the greatest common divisor of 450 and 1278?
18
What is the greatest common factor of 387868 and 104?
52
What is the highest common divisor of 1220 and 5124?
244
What is the greatest common factor of 1275 and 1025?
25
What is the highest common factor of 136831 and 467?
467
Calculate the highest common divisor of 38 and 523678.
38
What is the greatest common factor of 48285 and 4205?
145
Calculate the highest common divisor of 1875 and 3.
3
Calculate the greatest common divisor of 1210 and 902.
22
Calculate the greatest common divisor of 14160 and 227445.
885
Calculate the highest common divisor of 1168 and 683572.
292
Calculate the greatest common factor of 51240 and 1260.
420
Calculate the greatest common factor of 2527 and 7049.
133
What is the highest common factor of 210578 and 4990?
998
What is the greatest common divisor of 358228 and 52?
52
What is the greatest common factor of 510 and 176480?
10
What is the highest common divisor of 262330 and 23397?
709
What is the greatest common divisor of 3025 and 451?
11
Calculate the greatest common factor of 1279660 and 100.
20
What is the highest common factor of 399 and 247323?
57
Calculate the highest common factor of 14105 and 542500.
1085
Calculate the greatest common factor of 20 and 514920.
20
What is the highest common divisor of 2430 and 147690?
270
What is the greatest common divisor of 395516 and 356?
356
Calculate the highest common divisor of 459 and 779773.
17
Calculate the highest common divisor of 486 and 2004.
6
What is the greatest common divisor of 316 and 5848?
4
What is the greatest common factor of 109893 and 735?
21
What is the greatest common factor of 1670535 and 45?
45
What is the greatest common factor of 2864 and 28998?
358
Calculate the highest common factor of 85 and 474385.
85
Calculate the greatest common divisor of 360 and 936840.
120
What is the greatest common factor of 320 and 733184?
64
Calculate the greatest common divisor of 2425 and 372965.
485
What is the highest common divisor of 153 and 6987?
51
Calculate the highest common factor of 390 and 3564.
6
Calculate the greatest common divisor of 12 and 61302.
6
Calculate the greatest common factor of 4841 and 10918.
103
Calculate the highest common divisor of 152 and 1576.
8
Calculate the greatest common divisor of 1158163 and 197.
197
What is the greatest common factor of 405 and 2979?
9
What is the highest common factor of 261 and 1212171?
87
What is the greatest common divisor of 36 and 601116?
12
Calculate the highest common factor of 176049 and 1953.
279
What is the highest common divisor of 4 and 3844?
4
Calculate the highest common divisor of 243363 and 23.
23
What is the highest common divisor of 304 and 2204?
76
What is the highest common factor of 3502321 and 73?
73
Calculate the greatest common divisor of 24307 and 1561.
223
What is the greatest common factor of 1196 and 1828?
4
Calculate the greatest common divisor of 202382 and 94.
94
Calculate the greatest common factor of 264446 and 182.
182
What is the highest common divisor of 53024 and 224?
32
Calculate the greatest common divisor of 658078 and 2344.
586
Calculate the greatest common divisor of 94113 and 36.
9
Calculate the highest common factor of 682745 and 14.
7
Calculate the highest common divisor of 349422 and 6.
6
What is the greatest common factor of 9535 and 125?
5
Calculate the highest common divisor of 34 and 85663.
17
What is the greatest common factor of 74539 and 9104?
569
Calculate the highest common factor of 327129 and 3036.
759
Calculate the greatest common factor of 4743 and 36108.
153
What is the highest common factor of 105980 and 420?
140
Calculate the greatest common divisor of 128 and 436768.
32
Calculate the greatest common factor of 4260 and 41100.
60
Calculate the greatest common factor of 180 and 3075420.
60
What is the highest common factor of 1765116 and 180?
36
Calculate the greatest common divisor of 16348 and 9112.
268
What is the highest common divisor of 39 and 101933?
13
Calculate the highest common divisor of 48 and 230532.
12
What is the greatest common factor of 442 and 1700?
34
Calculate the greatest common divisor of 4244 and 48.
4
What is the highest common factor of 140 and 86590?
70
What is the greatest common divisor of 629 and 4573?
17
Calculate the greatest common divisor of 564540 and 140.
20
Calculate the greatest common divisor of 316 and 14378.
158
What is the greatest common factor of 6700 and 8575?
25
What is the greatest common factor of 14668 and 8056?
76
What is the greatest common divisor of 15812 and 737?
67
What is the greatest common factor of 377 and 235924?
13
What is the highest common factor of 1455186 and 13584?
1698
What is the greatest common divisor of 97181 and 21?
7
Calculate the highest common factor of 5734 and 13054.
122
Calculate the highest common factor of 26964 and 168.
84
Calculate the greatest common divisor of 56 and 604814.
14
Calculate the highest common divisor of 18 and 59910.
6
What is the highest common divisor of 147 and 47103?
21
Calculate the highest common factor of 5350 and 11650.
50
Calculate the highest common divisor of 3794 and 742.
14
What is the highest common factor of 5629 and 2301?
13
What is the highest common divisor of 304 and 6897?
19
Calculate the highest common divisor of 5336 and 1196.
92
What is the highest common divisor of 1624 and 254156?
812
Calculate the greatest common divisor of 88837 and 925.
37
Calculate the highest common factor of 107692 and 2616.
436
What is the highest common factor of 1724 and 224?
4
Calculate the highest common divisor of 15 and 8487.
3
Calculate the greatest common divisor of 35260 and 5418.
86
Calculate the highest common factor of 2352 and 546.
42
Calculate the highest common factor of 11907 and 1197.
63
What is the greatest common factor of 34 and 12235342?
34
Calculate the highest common factor of 731354 and 78.
26
What is the greatest common divisor of 1362 and 3048?
6
Calculate the highest common divisor of 3 and 1656.
3
Calculate the greatest common divisor of 658 and 577066.
658
What is the greatest common divisor of 383 and 466?
1
What is the greatest common divisor of 6059 and 4891?
73
What is the highest common factor of 4610 and 12270?
10
Calculate the highest commo